2?
11
What is 5 (base 9) in base 13?
5
Convert 2313 (base 5) to base 4.
11031
Convert 64 (base 12) to base 14.
56
Convert 67 (base 10) to base 7.
124
What is a (base 15) in base 13?
a
What is -23 (base 9) in base 6?
-33
What is 11a (base 12) in base 4?
2212
What is -45 (base 11) in base 13?
-3a
-2 (base 15) to base 16
-2
9e (base 16) to base 15
a8
Convert 1212 (base 3) to base 12.
42
3 (base 12) to base 6
3
What is 132 (base 10) in base 15?
8c
Convert -13 (base 4) to base 11.
-7
63 (base 10) to base 11
58
Convert 103 (base 12) to base 11.
124
Convert -10 (base 3) to base 6.
-3
Convert -111012 (base 3) to base 2.
-101100100
100 (base 2) to base 8
4
20 (base 13) to base 9
28
What is -24 (base 7) in base 6?
-30
Convert -11121 (base 3) to base 2.
-1111100
What is -10 (base 5) in base 16?
-5
What is -111000 (base 2) in base 4?
-320
What is 22 (base 3) in base 7?
11
What is -11 (base 3) in base 13?
-4
What is 6 (base 15) in base 13?
6
Convert -30 (base 5) to base 10.
-15
-1110 (base 2) to base 4
-32
What is -10101 (base 2) in base 14?
-17
-2 (base 14) to base 9
-2
What is -2 (base 9) in base 13?
-2
Convert -d (base 16) to base 14.
-d
What is 5 (base 9) in base 13?
5
52 (base 7) to base 6
101
What is 76 (base 8) in base 16?
3e
13 (base 7) to base 2
1010
110 (base 2) to base 8
6
Convert -8 (base 14) to base 5.
-13
What is 0 (base 12) in base 9?
0
-93 (base 12) to base 11
-a1
Convert -76 (base 14) to base 15.
-6e
Convert -23 (base 12) to base 4.
-123
-130 (base 15) to base 8
-416
-1 (base 13) to base 6
-1
2 (base 11) to base 5
2
What is 0 (base 3) in base 5?
0
-60 (base 8) to base 12
-40
What is 2 (base 10) in base 5?
2
Convert -1 (base 7) to base 10.
-1
What is -11 (base 9) in base 8?
-12
Convert -58 (base 9) to base 2.
-110101
Convert -1 (base 13) to base 5.
-1
Convert -a (base 16) to base 11.
-a
What is 103 (base 5) in base 15?
1d
212 (base 3) to base 15
18
-30 (base 9) to base 12
-23
1000010 (base 2) to base 10
66
Convert -16 (base 16) to base 12.
-1a
Convert 10 (base 11) to base 14.
b
11 (base 2) to base 8
3
35 (base 10) to base 2
100011
What is -3 (base 8) in base 11?
-3
What is -12002 (base 3) in base 9?
-162
What is -2 (base 13) in base 7?
-2
What is -2 (base 3) in base 14?
-2
Convert -11 (base 2) to base 14.
-3
-3 (base 11) to base 14
-3
What is -4 (base 13) in base 7?
-4
Convert -23 (base 7) to base 2.
-10001
Convert -b (base 15) to base 2.
-1011
-52 (base 11) to base 5
-212
Convert -1 (base 13) to base 16.
-1
2 (base 14) to base 10
2
Convert -4 (base 12) to base 4.
-10
-10 (base 4) to base 14
-4
Convert 22 (base 6) to base 2.
1110
What is 8 (base 10) in base 8?
10
-12 (base 5) to base 8
-7
Convert 10 (base 11) to base 12.
b
What is -111 (base 2) in base 4?
-13
3 (base 11) to base 2
11
10 (base 4) to base 15
4
Convert 170 (base 10) to base 11.
145
-103 (base 4) to base 5
-34
What is 0 (base 9) in base 5?
0
What is -2 (base 10) in base 8?
-2
What is 3 (base 6) in base 7?
3
a (base 15) to base 3
101
Convert -12 (base 3) to base 8.
-5
What is -3 (base 7) in base 8?
-3
Convert 232 (base 8) to base 9.
181
Convert -240 (base 12) to base 11.
-286
Convert 32 (base 10) to base 16.
20
1 (base 13) to base 16
1
-6 (base 15) to base 10
-6
Convert -15 (base 6) to base 13.
-b
Convert -1 (base 2) to base 13.
-1
Convert -4 (base 5) to base 13.
-4
Convert 11 (base 2) to base 12.
3
Convert -17 (base 12) to base 15.
-14
Convert -d (base 14) to base 3.
-111
What is 11011111 (base 2) in base 14?
11d
Convert 134 (base 12) to base 15.
c4
3 (base 7) to base 16
3
3 (base 8) to base 14
3
What is 39 (base 11) in base 16?
2a
0 (base 2) to base 8
0
Convert -b (base 12) to base 5.
-21
-100 (base 5) to base 11
-23
Convert 314 (base 6) to base 12.
9a
Convert ce (base 16) to base 7.
413
345 (base 7) to base 16
b4
What is -15 (base 13) in base 16?
-12
b (base 13) to base 11
10
What is 1 (base 8) in base 10?
1
Convert 1 (base 11) to base 14.
1
What is -76 (base 9) in base 5?
-234
Convert 1 (base 16) to base 2.
1
What is -9 (base 14) in base 7?
-12
What is -112 (base 4) in base 7?
-31
0 (base 11) to base 2
0
What is 13 (base 15) in base 14?
14
Convert 2 (base 15) to base 6.
2
What is 3 (base 15) in base 3?
10
Convert 11001 (base 2) to base 9.
27
What is 10 (base 5) in base 16?
5
What is 2 (base 5) in base 14?
2
What is 4 (base 10) in base 2?
100
What is -20001 (base 3) in base 11?
-139
What is -2 (base 9) in base 5?
-2
Convert -1001 (base 3) to base 9.
-31
11 (base 2) to base 14
3
What is -16 (base 14) in base 5?
-40
What is 7 (base 14) in base 13?
7
Convert -157 (base 9) to base 6.
-341
-345 (base 6) to base 14
-9b
Convert 3 (base 6) to base 16.
3
What is -11 (base 3) in base 5?
-4
Convert -10011101 (base 2) to base 6.
-421
33 (base 5) to base 6
30
What is -10101 (base 2) in base 3?
-210
What is 100 (base 14) in base 5?
1241
What is -10 (base 3) in base 14?
-3
What is 8 (base 12) in base 10?
8
Convert 2 (base 5) to base 14.
2
-176 (base 14) to base 9
-363
-1 (base 6) to base 13
-1
122 (base 3) to base 5
32
Convert -21 (base 6) to base 8.
-15
What is -31 (base 11) in base 6?
-54
Convert 4 (base 10) to base 5.
4
What is -111 (base 14) in base 4?
-3103
Convert 24 (base 11) to base 15.
1b
-241 (base 9) to base 3
-21101
What is 11 (base 5) in base 9?
6
Convert -2031 (base 5) to base 12.
-1a2
What is 51 (base 8) in base 12?
35
Convert 5 (base 14) to base 4.
11
-2 (base 4) to base 2
-10
-30 (base 14) to base 5
-132
14 (base 6) to base 4
22
-11 (base 2) to base 4
-3
What is -a4 (base 13) in base 11?
-112
Convert 1 (base 5) to base 6.
1
Convert -64 (base 13) to base 4.
-1102
What is 1 (base 10) in base 4?
1
What is -4 (base 8) in base 13?
-4
What is 5 (base 16) in base 9?
5
343 (base 8) to base 6
1015
Convert 40 (base 5) to base 3.
202
Convert 0 (base 4) to base 12.
0
-73 (base 13) to base 3
-10111
Convert 1010 (base 2) to base 7.
13
What is -4 (base 9) in base 5?
-4
What is 33 (base 12) in base 5?
124
What is 122 (base 4) in base 8?
32
What is -15 (base 6) in base 12?
-b
What is -5 (base 9) in base 8?
-5
Convert -3f (base 16) to base 2.
-111111
What is -3 (base 6) in base 10?
-3
What is -2 (base 9) in base 3?
-2
-1 (base 16) to base 9
-1
Convert -3 (base 12) to base 2.
-11
Convert -2 (base 7) to base 13.
-2
Convert -11 (base 2) to base 3.
-10
10101101 (base 2) to base 4
2231
What is 46 (base 14) in base 15?
42
Convert -4 (base 5) to base 11.
-4
What is -10a (base 11) in base 16?
-83
What is c7 (base 14) in base 8?
257
Convert 451 (base 7) to base 15.
107
What is -5c (base 14) in base 11?
-75
Convert -64 (base 7) to base 8.
-56
What is -14 (base 16) in base 12?
-18
Convert -9 (base 13) to base 3.
-100
-22 (base 4) to base 12
-a
What is -75 (base 11) in base 10?
-82
What is 12 (base 5) in base 12?
7
Convert 20 (base 16) to base 12.
28
Convert -150 (base 11) to base 6.
-452
What is 10 (base 9) in base 6?
13
What is -18 (base 14) in base 15?
-17
-101110 (base 2) to base 15
-31
What is 14 (base 5) in base 9?
10
What is -1 (base 5) in base 13?
-1
13 (base 8) to base 5
21
-11 (base 14) to base 5
-30
Convert -217 (base 8) to base 16.
-8f
-2 (base 3) to base 2
-10
What is 60 (base 15) in base 8?
132
Convert -120 (base 13) to base 16.
-c3
What is -14 (base 7) in base 10?
-11
What is 331 (base 6) in base 12?
a7
-13 (base 6) to base 4
-21
What is 1 (base 2) in base 11?
1
Convert 72 (base 10) to base 5.
242
What is -16 (base 11) in base 14?
-13
0 (base 5) to base 8
0
What is -226 (base 12) in base 8?
-476
What is 1 (base 6) in base 7?
1
What is -1 (base 8) in base 14?
-1
What is 1010100 (base 2) in base 12?
70
What is 3 (base 13) in base 15?
3
What is -1 (base 15) in base 5?
-1
Convert -4 (base 15) to base 6.
-4
What is 11 (base 11) in base 14?
c
What is 1010 (base 6) in base 9?
266
Convert 1100 (base 2) to base 5.
22
-55 (base 11) to base 8
-74
Convert -b (base 16) to base 7.
-14
3 (base 6) to base 3
10
Convert -57 (base 8) to base 15.
-32
What is -2 (base 16) in base 5?
-2
What is 222 (base 3) in base 6?
42
What is 27 (base 13) in base 12?
29
-466 (base 7) to base 9
-301
What is -10 (base 3) in base 13?
-3
64 (base 14) to base 15
5d
What is 11100110 (base 2) in base 4?
3212
Convert -f2 (base 16) to base 2.
-11110010
Convert 16 (base 8) to base 4.
32
What is 2 (base 9) in base 8?
2
-4 (base 1